{"id":5693,"date":"2014-09-19T11:01:07","date_gmt":"2014-09-19T11:01:07","guid":{"rendered":"http:\/\/www.grodemskole.no\/?page_id=5693"},"modified":"2020-01-17T19:44:56","modified_gmt":"2020-01-17T18:44:56","slug":"respektprogrammet","status":"publish","type":"page","link":"https:\/\/www.randabergskolen.no\/grodem\/?page_id=5693","title":{"rendered":"Respektprogrammet"},"content":{"rendered":"<p><strong>Respekt er eit skuleutviklingsprogram som kan hjelpe skular med \u00e5 utvikle det faglige og psykososiale l\u00e6ringsmilj\u00f8et og redusere u\u00f8nskt \u00e5tferd.<\/strong><\/p>\n<p>Prinsippet i Respekt er \u00e5 oppn\u00e5 m\u00e5lbar endring i elev\u00e5tferd gjennom \u00e5 utvikle l\u00e6raranes og leiinga sin handlingskompetanse. Utvikling av kunnskap og ferdigheiter i klasseleiing er ein b\u00e6rebjelke i programmet. Ei viktig m\u00e5lsetting er utvikling av kollektivt autoritative vaksne.<img loading=\"lazy\" decoding=\"async\" class=\"alignright\" src=\"http:\/\/www.minskole.no\/DynamicContent\/\/CustomFrontpageImages\/42-e30c5e92-4981-4692-bcbb-4a083134ea21.jpg\" alt=\"Bilderesultat for respektprogrammet\" width=\"288\" height=\"111\" \/><\/p>\n<p>Arbeid i h\u00f8ve til mobbing, konsentrasjonsvanskar og disiplinvanskar er ogs\u00e5 prim\u00e6re innsatsomr\u00e5der. Dette er problem som ofte er ein stor del av skulekvardagen, og desse problema har negative effektar b\u00e5de for einskildpersonar og for grupper. Resultatet er d\u00e5rlegare trivsel og l\u00e6ringsutbytte.<\/p>\n<p>Respekt-programmet handlar om breidde. I tillegg til \u00e5 jobbe mot fleire typar problem\u00e5tferd, involverer programmet mange akt\u00f8rar: b\u00e5de l\u00e6rarar, assistentar, skuleleiing, elevar og foreldre. Breidde viser og att p\u00e5 innsats p\u00e5 fleire niv\u00e5: tiltak p\u00e5 skuleniv\u00e5, klasse, gruppeniv\u00e5 og individniv\u00e5.<\/p>\n<p>Respekt-programmet best\u00e5r av kurs, rettleiing og eige arbeid p\u00e5 skulane. For at skulane skal lukkast med arbeidet, er det viktig at det vert sett av tid og at trykket vert halde oppe<\/p>\n<p>Les mer om Respektprogrammet p\u00e5 <a href=\"https:\/\/laringsmiljosenteret.uis.no\/getfile.php\/13137085\/L%C3%A6ringsmilj%C3%B8senteret\/Pdf\/Respekt_programmet.pdf\">L\u00e6ringsmilj\u00f8senteret sine nettsider.<\/a><\/p>\n","protected":false},"excerpt":{"rendered":"<p>Respekt er eit skuleutviklingsprogram som kan hjelpe skular med \u00e5 utvikle det faglige og psykososiale l\u00e6ringsmilj\u00f8et og redusere u\u00f8nskt \u00e5tferd. Prinsippet i Respekt er \u00e5 oppn\u00e5 m\u00e5lbar endring i elev\u00e5tferd gjennom \u00e5 utvikle l\u00e6raranes og leiinga sin handlingskompetanse. Utvikling av kunnskap og ferdigheiter i klasseleiing er ein b\u00e6rebjelke i programmet. Ei viktig m\u00e5lsetting er utvikling [&hellip;]<\/p>\n","protected":false},"author":117,"featured_media":0,"parent":0,"menu_order":0,"comment_status":"open","ping_status":"open","template":"","meta":{"footnotes":""},"class_list":["post-5693","page","type-page","status-publish","hentry"],"_links":{"self":[{"href":"https:\/\/www.randabergskolen.no\/grodem\/index.php?rest_route=\/wp\/v2\/pages\/5693","targetHints":{"allow":["GET"]}}],"collection":[{"href":"https:\/\/www.randabergskolen.no\/grodem\/index.php?rest_route=\/wp\/v2\/pages"}],"about":[{"href":"https:\/\/www.randabergskolen.no\/grodem\/index.php?rest_route=\/wp\/v2\/types\/page"}],"author":[{"embeddable":true,"href":"https:\/\/www.randabergskolen.no\/grodem\/index.php?rest_route=\/wp\/v2\/users\/117"}],"replies":[{"embeddable":true,"href":"https:\/\/www.randabergskolen.no\/grodem\/index.php?rest_route=%2Fwp%2Fv2%2Fcomments&post=5693"}],"version-history":[{"count":1,"href":"https:\/\/www.randabergskolen.no\/grodem\/index.php?rest_route=\/wp\/v2\/pages\/5693\/revisions"}],"predecessor-version":[{"id":11074,"href":"https:\/\/www.randabergskolen.no\/grodem\/index.php?rest_route=\/wp\/v2\/pages\/5693\/revisions\/11074"}],"wp:attachment":[{"href":"https:\/\/www.randabergskolen.no\/grodem\/index.php?rest_route=%2Fwp%2Fv2%2Fmedia&parent=5693"}],"curies":[{"name":"wp","href":"https:\/\/api.w.org\/{rel}","templated":true}]}}