{"id":11797,"date":"2021-05-25T10:51:53","date_gmt":"2021-05-25T08:51:53","guid":{"rendered":"https:\/\/www.randabergskolen.no\/grodem\/?page_id=11797"},"modified":"2022-03-08T12:57:03","modified_gmt":"2022-03-08T11:57:03","slug":"ny-pa-skolen","status":"publish","type":"page","link":"https:\/\/www.randabergskolen.no\/grodem\/?page_id=11797","title":{"rendered":"Ny p\u00e5 skolen?"},"content":{"rendered":"<p><em><strong>Er du ny p\u00e5 Gr\u00f8dem skole s\u00e5 har vi samlet litt informasjon her som vi h\u00e5per kan v\u00e6re til hjelp. Lurer du p\u00e5 noe, eller ikke finner informasjon, s\u00e5 ta kontakt direkte med skolen. Det er alltid starten p\u00e5 et godt samarbeid.<\/strong><\/em><\/p>\n<h1>Ny 1. klasse<\/h1>\n<p><span style=\"font-weight: 400\">Ny skole, og nye klasser er alltid spennende. Gr\u00f8dem skole har tatt imot nye 1. klassinger fra 1974, og vi har gode rutiner for dette. Disse rutinene og samarbeid med barnehagene gj\u00f8r at overgangen blir fin for alle.<\/span><\/p>\n<p><span style=\"font-weight: 400\">Vi h\u00e5per dere foreldre snakker med barna deres om alt det positive med skole, og at det er naturlig \u00e5 v\u00e6re litt spent\/nerv\u00f8s. N\u00e5r de kommer p\u00e5 skolen vil de bli tatt vel imot i gode klasser sammen med mange andre kjekke barn og trygge, dyktige, varme voksne. Overgangen fra barnehage til skole skal vi sammen gj\u00f8re god. \u201cMe kan f\u00e5 til det utroliga &#8211; i samen\u201d.<\/span><\/p>\n<h1>Flyttet til skolen<\/h1>\n<p>Av og til m\u00e5 vi flytte p\u00e5 oss, og da blir det ny skole. Hvis du skal flytte til Gr\u00f8dem s\u00e5 h\u00e5per vi at du kommer til \u00e5 trives hos oss!<\/p>\n<p><strong>F\u00f8r du flytter:<\/strong><\/p>\n<ul>\n<li>Ta kontakt med skolen barnet g\u00e5r p\u00e5, og be de sende flyttemelding. Viktig at den inneholder kontaktinfo og personalia til foresatte (personnr, tlfnr, e-post, ny adresse, og hvem flytter). Signer ogs\u00e5 tillatelse til at skolen kan sende informasjon de har til oss.<\/li>\n<li>Ta kontakt med oss via <a href=\"https:\/\/www.randabergskolen.no\/grodem\/?page_id=250\">mail eller telefon<\/a><\/li>\n<\/ul>\n<p>Hvis du flytter til Randaberg, men ikke h\u00f8rer til skolekretsen til Gr\u00f8dem skole s\u00e5 m\u00e5 du s\u00f8ke om \u00e5 f\u00e5 begynne p\u00e5 her. Da s\u00f8ker du til skolekontoret i kommunen.<\/p>\n<p><strong>N\u00e5r kan du begynne?<\/strong><\/p>\n<p>Det bestemmer vi i dialog med dere. Ofte passer det best at det er etter en ferie, men det kan ogs\u00e5 skje raskt. Uansett s\u00e5 er det viktig for oss at vi f\u00e5r informert klassen, satt klart en pult og andre forberedelser slik at du f\u00f8ler deg velkommen!<\/p>\n<p>Hvis du \u00f8nsker s\u00e5 kan du bes\u00f8ke klassen eller skolen f\u00f8r sommeren hvis du skal begynne ved nytt skole\u00e5r. Det avtales med ledelsen.<\/p>\n<h1>Digital omvisning p\u00e5 skolen<\/h1>\n<div class=\"wp-block-image\"><\/div>\n<p>De fleste av oss har brukt<a href=\"https:\/\/www.google.com\/maps\/place\/Gr%C3%B8dem+skole\/@59.0101717,5.6507006,576m\/data=!3m2!1e3!4b1!4m5!3m4!1s0x463bb51bcf743ea3:0x800da96aebbef56b!8m2!3d59.010169!4d5.6528893\" target=\"_blank\" rel=\"noreferrer noopener\">\u00a0Google maps\u00a0<\/a>for \u00e5 finne en adresse eller destinasjon de skal til, men hadde det ikke v\u00e6rt kjekt \u00e5 kunne g\u00e5 inn i bygningene ogs\u00e5? N\u00e5 er det mulig p\u00e5 Gr\u00f8dem skole! Bruk lenken til Google maps, s\u00f8k opp skolen og slipp Googlemannen der du vil g\u00e5. Deretter bruker du pilene for \u00e5 vandre videre.<\/p>\n<figure class=\"wp-block-image size-large\"><a href=\"https:\/\/www.google.com\/maps\/place\/Gr%C3%B8dem+skole\/@59.010169,5.6507006,576m\/data=!3m2!1e3!4b1!4m5!3m4!1s0x463bb51bcf743ea3:0x800da96aebbef56b!8m2!3d59.010169!4d5.6528893\"><img loading=\"lazy\" decoding=\"async\" class=\"wp-image-11290\" src=\"https:\/\/www.randabergskolen.no\/grodem\/wp-content\/uploads\/sites\/12\/2020\/05\/Google-bilder.jpg\" alt=\"\" width=\"433\" height=\"309\" srcset=\"https:\/\/www.randabergskolen.no\/grodem\/wp-content\/uploads\/sites\/12\/2020\/05\/Google-bilder.jpg 889w, https:\/\/www.randabergskolen.no\/grodem\/wp-content\/uploads\/sites\/12\/2020\/05\/Google-bilder-300x214.jpg 300w, https:\/\/www.randabergskolen.no\/grodem\/wp-content\/uploads\/sites\/12\/2020\/05\/Google-bilder-768x548.jpg 768w\" sizes=\"auto, (max-width: 433px) 100vw, 433px\" \/><\/a><\/figure>\n<p>&nbsp;<\/p>\n","protected":false},"excerpt":{"rendered":"<p>Er du ny p\u00e5 Gr\u00f8dem skole s\u00e5 har vi samlet litt informasjon her som vi h\u00e5per kan v\u00e6re til hjelp. Lurer du p\u00e5 noe, eller ikke finner informasjon, s\u00e5 ta kontakt direkte med skolen. Det er alltid starten p\u00e5 et godt samarbeid. Ny 1. klasse Ny skole, og nye klasser er alltid spennende. Gr\u00f8dem skole [&hellip;]<\/p>\n","protected":false},"author":198,"featured_media":0,"parent":0,"menu_order":0,"comment_status":"closed","ping_status":"closed","template":"","meta":{"footnotes":""},"class_list":["post-11797","page","type-page","status-publish","hentry"],"_links":{"self":[{"href":"https:\/\/www.randabergskolen.no\/grodem\/index.php?rest_route=\/wp\/v2\/pages\/11797","targetHints":{"allow":["GET"]}}],"collection":[{"href":"https:\/\/www.randabergskolen.no\/grodem\/index.php?rest_route=\/wp\/v2\/pages"}],"about":[{"href":"https:\/\/www.randabergskolen.no\/grodem\/index.php?rest_route=\/wp\/v2\/types\/page"}],"author":[{"embeddable":true,"href":"https:\/\/www.randabergskolen.no\/grodem\/index.php?rest_route=\/wp\/v2\/users\/198"}],"replies":[{"embeddable":true,"href":"https:\/\/www.randabergskolen.no\/grodem\/index.php?rest_route=%2Fwp%2Fv2%2Fcomments&post=11797"}],"version-history":[{"count":3,"href":"https:\/\/www.randabergskolen.no\/grodem\/index.php?rest_route=\/wp\/v2\/pages\/11797\/revisions"}],"predecessor-version":[{"id":12238,"href":"https:\/\/www.randabergskolen.no\/grodem\/index.php?rest_route=\/wp\/v2\/pages\/11797\/revisions\/12238"}],"wp:attachment":[{"href":"https:\/\/www.randabergskolen.no\/grodem\/index.php?rest_route=%2Fwp%2Fv2%2Fmedia&parent=11797"}],"curies":[{"name":"wp","href":"https:\/\/api.w.org\/{rel}","templated":true}]}}